 2 + o - 4 - (10 + -132)?
1
Suppose 2*y + 3*x + 13 = 0, 6 = -3*y - y - 2*x. Let a be (6 - (-52)/(-10))/(y/10). Suppose -2*k + 720 = a*k. What is the tens digit of k?
7
Suppose -4*v - 234 + 20 = -3*o, 0 = 5*o - 4*v - 362. Suppose o = j - 103. What is the tens digit of j?
7
Let c be ((-40)/15)/((-4)/6). Suppose -c*x + 279 = v - 113, 5*x + v - 489 = 0. What is the units digit of x?
7
Let k = 114 - 163. Let q = k - -163. What is the tens digit of q?
1
Let f = 29 - 68. Let v = f + 42. Suppose 3*w - 6 = -v, 0 = -4*l + 4*w + 212. What is the units digit of l?
4
Let o(t) = -2*t**2 + 33*t - 2. Let f be o(0). Let s(b) = -161*b**3 - 12*b - 21. What is the units digit of s(f)?
1
Suppose -6*y - 11 = -35. Suppose -y*d - 47 - 73 = -2*f, f - 5*d - 63 = 0. Suppose -2*q + f = -4*k, k + 49 = q + 3*k. What is the tens digit of q?
3
Suppose -7959 = -61*m + 54*m. Let w(j) = 54*j + 3. Let s be w(7). Suppose -m + s = -9*q. What is the tens digit of q?
8
Let i be (15 - 0)/(8/(-40)). Suppose 7*t + 320 = 2*s + 11*t, 0 = -3*s + 3*t + 507. Let g = i + s. What is the units digit of g?
1
Let q be 0*(-2)/(4 - 0). Suppose 5*f + 10 = 0, -4*z + 2*f - 4*f + 16 = q. Suppose z*r + 7 - 212 = 0. What is the tens digit of r?
4
Suppose -d - 16385 = -2*p, -6*p + 5*d = -p - 40975. What is the hundreds digit of p?
1
Let g(u) = 846*u**3 - 4*u**2 - 32*u + 79. What is the thousands digit of g(3)?
2
Let g(t) = -7*t + 55. Let h be g(7). What is the tens digit of (h - 2160)*(-1)/3?
1
Suppose 4*a + 4*m - 9440 = 0, -1413 - 943 = -a - 2*m. What is the hundreds digit of a?
3
Let z(c) = -5127*c + 1352. What is the tens digit of z(-8)?
6
Suppose 2913870 - 1183680 = 221*g - 5797291. What is the units digit of g?
1
What is the units digit of -16 + (-416)/(-16) - -1038*43?
4
Suppose 0 = -5*l - x - 903, -4*l - 732 = -2*x - 2*x. Let c = l + 444. Let q = c - 170. What is the tens digit of q?
9
Suppose -4254 = 5*w - 4*s - 514, 4*s = -3*w - 2276. Let q = w - -1097. Suppose -2*a - a = -q. What is the tens digit of a?
1
What is the ten thousands digit of 908*38/2 - (-729)/729 - 4?
1
What is the thousands digit of -24 + 28444448/416 - (0 + 2/26)?
8
Let h(z) = -7*z - 27. Let n be h(-8). Let m(p) = 2*p**3 - 37*p**2 + 19*p - 22. Let u be m(18). Let i = n - u. What is the tens digit of i?
3
What is the tens digit of ((-1541)/201)/((-1)/1257)?
3
Suppose -18*u + 3126 = 534. Let b = u - 74. What is the tens digit of b?
7
Let y(v) = 825*v - 5. What is the ten thousands digit of y(17)?
1
What is the hundreds digit of ((-50)/(-25) - -16930) + 7?
9
Let s = 5 - 11. Let g = s - -11. Let i(k) = k**3 - 4*k**2 + 4*k - 2. What is the tens digit of i(g)?
4
Let x(m) be the first derivative of -m**4/4 + 16*m**3/3 + m**2/2 - 23*m + 14. What is the tens digit of x(15)?
1
Let x(d) = 10095 - 10098 + 4*d - 3*d**2 + 46*d**3 + 2*d. What is the tens digit of x(2)?
6
Let v be (-921)/12 + 6/8. Let m = -60 - v. What is the tens digit of ((-765)/20)/((-6)/m)?
0
Let i = -816 - 260. Let n = -717 - i. What is the units digit of n?
9
Suppose 0 = -17*r - 115910 + 312373 + 174460. What is the units digit of r?
9
Suppose 4*c = 8*c - 3*s - 17235, -s + 4300 = c. What is the tens digit of c?
0
Let c = 55729 - 17856. What is the ten thousands digit of c?
3
Suppose -4*j = g + 708, 3*g - 7*j = -2*j - 2056. Let v = g + 1325. What is the hundreds digit of v?
6
Let k be (-106)/22 + 2 + (-26)/143. What is the hundreds digit of 7599/34*(-8)/k?
5
Suppose 54*n - a + 57650 = 57*n, -2*n + 38433 = a. What is the units digit of n?
7
Let w(p) = -p**3 + 14*p**2 - 13*p + 1. Let h be w(13). Let x(r) = -2*r + 0*r - 3 + 205*r**2 + h. What is the hundreds digit of x(-1)?
2
Suppose 0*a - 5*a + 25 = 0. Suppose a*u - 4*g = 1478, g + 0*g - 301 = -u. What is the units digit of u?
8
Suppose -4*m = -m - 357. Let b = 606 - 602. Suppose 49 = b*c - m. What is the units digit of c?
2
Suppose -364734 = 479*j - 497*j. What is the units digit of j?
3
Suppose 3*q + 4 = 4*q. Suppose 29*p - p = 11200. Suppose q*h = 9*h - p. What is the tens digit of h?
8
Suppose 5*z - 160 = -2*l, 11*l - 6*l + 2*z = 442. Suppose -4*k = 3*c - l, -k = k - 6. What is the tens digit of c?
2
Suppose 15*y - 875 = 16*y. Let a = 617 + y. What is the hundreds digit of (-30)/(-1 + 7)*a/10?
1
Suppose -65*f - 27*f + 657340 = 0. What is the units digit of f?
5
Suppose -4*d = 440 + 540. Let m = 518 + d. What is the hundreds digit of m?
2
What is the hundreds digit of -3590*(-34)/4 - -6*(-23)/(-69)?
5
Let j(g) = 149*g - 12. Suppose 3*d - 7 - 7 = -4*m, 12 = -3*m. Let k be 1 - 2*(-5)/d. What is the tens digit of j(k)?
8
What is the units digit of ((-29994)/(-8))/(156/208)?
9
Suppose 6309 = 12*i - 9*i. What is the units digit of i?
3
Suppose -513*c + 262158 = -487*c. What is the units digit of c?
3
Let h(x) = x**3 + x**2 - x - 1. Let t(a) = 3*a**3 - 16*a**2 - 5*a - 20. Let f(o) = -2*h(o) + t(o). What is the units digit of f(19)?
6
Let j(p) be the third derivative of 25*p**2 + 2/15*p**5 + 0 - 5/6*p**3 + 0*p + 5/24*p**4. What is the units digit of j(4)?
3
Let i = -2377 + 47688. What is the thousands digit of i?
5
What is the hundreds digit of 3*(-5 + 144482/39)?
0
Let s = -2837 - -4007. Let d = s - 786. What is the tens digit of d?
8
Let o = -80 - -99. Suppose 21*j - 978 = o*j. What is the hundreds digit of j?
4
Let t = 340 + -243. Suppose 3*q + 270 = 2*f, f - t - 37 = q. Suppose -f = -14*u + 162. What is the tens digit of u?
2
Suppose 836550 = 7*h + 18*h. Suppose -57*y - h = -90*y. What is the hundreds digit of y?
0
Let d(s) = 9*s**2 + 228*s - 20. What is the hundreds digit of d(-37)?
8
Let a = -44756 - -67363. What is the thousands digit of a?
2
Let a(y) be the second derivative of -19*y + 11/12*y**4 - 1/2*y**2 + 0 - 3/2*y**3 + 1/20*y**5. What is the units digit of a(-11)?
8
Let j be 20/4*288/20. Let u = j - 48. Let v = u - 10. What is the tens digit of v?
1
Let t = 66482 + -19689. What is the tens digit of t?
9
Suppose -2*m - 22 = 14. Let s be (-2)/4*(m + 4). Suppose -8*o + s*o = -77. What is the tens digit of o?
7
Let b(a) = a**3 + 186*a**2 - 794*a + 262. What is the thousands digit of b(-190)?
6
Suppose 0 = -2167*t + 2150*t + 4539. What is the units digit of t?
7
Let m(d) = -4*d + 163*d**2 - d**3 + 7*d - 5 - 149*d**2. What is the tens digit of m(5)?
3
Let z(q) = -3*q - 87. Let a be z(-30). What is the tens digit of (480/70)/(a/63)?
4
Let g be 32/112*((-19)/(-1) + 2). Suppose -g*q = 225 - 2739. What is the units digit of q?
9
Suppose 18*o - 21 = -3. Suppose l + o - 4 = -u, 6 = -2*l + 2*u. Suppose -2*m + 4*m - 428 = -4*d, -3*m - 3*d + 651 = l. What is the hundreds digit of m?
2
Let o = 984 + -81. Let t = 53 + o. What is the hundreds digit of t?
9
Suppose 3*d + 3*m = -27, -1 = m + 3. Let r(k) = -137*k + 18. What is the tens digit of r(d)?
0
Let o = 16749 + -7314. What is the units digit of o?
5
Let h = -80 + 80. What is the units digit of 0 + 0 - (h/3 - 70)?
0
Suppose 0*l - 8 = -8*l. What is the tens digit of -3 + (l - -118) + (-1)/(-1)?
1
Let u(k) = -k**3 - 11*k**2 + 3*k + 35. Let m be u(-11). What is the tens digit of (m*(-398)/(-12))/(169/507)?
9
Let v(j) = 2*j**3 + 2*j**2 + 3*j - 6. Let p be v(4). Suppose -p*t = -174*t + 6088. What is the units digit of t?
1
Let i(b) = -689*b - 3188. What is the ten thousands digit of i(-26)?
1
Let c be ((-6360)/(-371))/((-4)/(-294)). Let v = -667 + c. What is the hundreds digit of v?
5
Suppose 19*t + 25 = 24*t. Suppose -5*j - t*j = 5*j. Suppose -57 = -5*y - 4*h + 92, j = 4*y + 5*h - 112. What is the units digit of y?
3
Let f(m) = 2*m**2 - 22*m + 97. Let j be f(15). What is the tens digit of 842 + (2 - 1) + j + -213?
4
Let c be 8/(-14) - 180/(-21). Let a be (-90)/(8 - 918/114). Suppose 0 = c*u + 7*u - a. What is the tens digit of u?
1
Let p = 352 + -104. Suppose -j = 5*h - p, 2*j - 538 = 5*h - h. What is the hundreds digit of j?
2
Let i be -10*3/9*(-21)/(-14). What is the hundreds digit of i*(346/(-10) + -5)?
1
Let p = -65 + 63. Let g = p + -208. Let i = 297 + g. What is the tens digit of i?
8
Let s be ((-10)/30)/((-1)/522). Let j = 45 + s. What is the tens digit of j?
1
Suppose -208 = -u - 139. Suppose n - u = 518. What is the hundreds digit of n?
5
Suppose 2*n + 2*d = 25374, 9*n - 3*d = 3*n + 76185. What is the hundreds digit of n?
6
Let w(l) = -15*l - 74. Let v be w(-6). Suppose